Is 86780716 a multiple of 53?
True
Is 13193960 a multiple of 3?
False
Is 1219 a factor of 47775563?
False
Is 1400703069 a multiple of 7546?
False
Does 77 divide 1566719?
True
Is 2272 a factor of 1227781984?
True
Is 4932 a factor of 114007449?
False
Does 103 divide 3500210890?
True
Does 679 divide 12606993?
True
Is 31636707 a multiple of 41?
True
Is 326600578 a multiple of 57?
False
Is 53 a factor of 181505116?
False
Does 4579 divide 2064153673?
True
Does 16 divide 1137834704?
True
Does 1091 divide 131174203?
True
Is 37097462 a multiple of 42?
False
Is 256642587 a multiple of 37?
False
Is 3394 a factor of 324400274?
False
Is 384414861 a multiple of 42?
False
Is 35 a factor of 50150065?
True
Is 5919597 a multiple of 4?
False
Is 25 a factor of 5848900?
True
Is 5885227 a multiple of 293?
False
Is 101 a factor of 3494367599?
True
Is 343 a factor of 32972590?
True
Is 265 a factor of 145618551?
False
Is 175622905 a multiple of 1355?
True
Is 476804559 a multiple of 1173?
True
Is 14 a factor of 129343869?
False
Does 2923 divide 104394945?
True
Is 487 a factor of 336376879?
False
Does 4484 divide 311195980?
False
Is 10599815 a multiple of 255?
False
Is 64 a factor of 677673344?
True
Is 13 a factor of 82345965?
True
Is 19980536 a multiple of 58?
True
Is 652 a factor of 1418056474?
False
Is 7 a factor of 9297302?
True
Is 241 a factor of 889425767?
False
Is 242 a factor of 147561194?
True
Is 567870 a multiple of 1976?
False
Does 1933 divide 31655067?
False
Is 37 a factor of 31632005?
False
Does 397 divide 35055?
False
Does 3162 divide 1682250402?
True
Is 91606540 a multiple of 10?
True
Is 474 a factor of 159557570?
False
Is 307504716 a multiple of 489?
True
Is 1920977058 a multiple of 139?
False
Is 2162 a factor of 1762466724?
True
Is 331157787 a multiple of 158?
False
Does 919 divide 69106962?
True
Does 8 divide 37353266?
False
Is 42761913 a multiple of 57?
True
Is 45083912 a multiple of 10?
False
Is 146 a factor of 61076318?
False
Does 941 divide 318538851?
True
Is 13 a factor of 24894617?
False
Does 72 divide 3698208?
True
Is 5950 a factor of 521604036?
False
Does 1253 divide 2955844?
False
Is 2587290069 a multiple of 21?
True
Is 74 a factor of 7596544?
True
Does 15 divide 1561210?
False
Does 21 divide 85287370?
False
Is 13672689 a multiple of 2181?
True
Is 474934525 a multiple of 1283?
True
Is 37 a factor of 31016873?
False
Does 11 divide 568474599?
True
Is 778 a factor of 189630498?
True
Is 1064 a factor of 2296902552?
True
Does 22 divide 44287914?
True
Is 1814400015 a multiple of 15?
True
Is 382 a factor of 3756988?
False
Is 197366756 a multiple of 40?
False
Is 39 a factor of 29324347?
False
Does 691 divide 40087674?
True
Does 12 divide 136931746?
False
Is 19 a factor of 786824356?
False
Is 588 a factor of 2773279656?
True
Is 736000 a multiple of 46?
True
Is 1301251411 a multiple of 994?
False
Is 1161882 a multiple of 34?
True
Is 8 a factor of 7271848?
True
Is 68167366 a multiple of 18?
False
Does 13 divide 1296924803?
False
Is 52 a factor of 56877826?
False
Is 15 a factor of 65484073?
False
Is 9 a factor of 84654649?
False
Does 78 divide 86948082?
True
Does 9 divide 608684?
False
Does 6 divide 394515084?
True
Is 63371510 a multiple of 109?
True
Is 543 a factor of 1993050588?
False
Does 15 divide 237271079?
False
Is 6 a factor of 101783600?
False
Does 652 divide 57530112?
False
Does 90 divide 2044319074?
False
Is 686 a factor of 118412872?
False
Does 5 divide 53096210?
True
Does 10 divide 85812870?
True
Is 70 a factor of 761940797?
False
Is 1012 a factor of 29810484?
True
Does 7112 divide 182636160?
True
Does 16 divide 18063700?
False
Is 23 a factor of 922910006?
True
Is 4867 a factor of 216198136?
False
Does 6 divide 109739916?
True
Is 131 a factor of 1996071890?
True
Is 134409186 a multiple of 1289?
True
Is 297 a factor of 55013607?
True
Does 755 divide 52589019?
False
Is 53 a factor of 50340619?
True
Is 2908707153 a multiple of 1023?
True
Does 1500 divide 39410781?
False
Is 10809 a factor of 4230556173?
False
Is 4784 a factor of 7055701536?
True
Is 300 a factor of 70507200?
True
Is 33944430 a multiple of 122?
False
Does 21 divide 170626536?
False
Does 4 divide 99961080?
True
Is 47023638 a multiple of 46?
True
Does 11 divide 15750218?
True
Is 4 a factor of 303414184?
True
Is 1522283512 a multiple of 596?
False
Is 139744205 a multiple of 986?
False
Is 6 a factor of 160539378?
True
Is 2587 a factor of 180334596?
True
Is 145344944 a multiple of 274?
True
Is 6997 a factor of 3431797599?
True
Is 39138554 a multiple of 62?
True
Is 26 a factor of 34479406?
True
Is 2413 a factor of 32896693?
False
Is 42374826 a multiple of 6?
True
Does 416 divide 39240448?
True
Is 104 a factor of 17632992?
True
Is 421 a factor of 1133753?
True
Is 27 a factor of 54121040?
False
Does 162 divide 2377752408?
True
Does 173 divide 194319973?
False
Is 42329423 a multiple of 1221?
False
Does 388 divide 860804920?
False
Is 28519296 a multiple of 39?
True
Does 259 divide 3791982314?
False
Does 4 divide 30000570?
False
Is 49087300 a multiple of 529?
False
Is 24202059 a multiple of 14?
False
Is 1239308518 a multiple of 14?
True
Is 818 a factor of 2710433534?
False
Does 912 divide 63935793?
False
Is 702928355 a multiple of 2?
False
Is 9 a factor of 12929814?
True
Does 592 divide 7249712?
False
Does 607 divide 54501923?
True
Is 72 a factor of 19131048?
True
Is 8743800 a multiple of 390?
True
Is 919 a factor of 2836096438?
False
Is 147901537 a multiple of 4?
False
Does 497 divide 56001694?
False
Does 136 divide 542114904?
True
Is 613283103 a multiple of 5069?
True
Is 5019 a factor of 137091246?
False
Does 374 divide 1496?
True
Is 9 a factor of 194798178?
True
Is 46 a factor of 148983282?
True
Does 15 divide 3649305735?
True
Is 1559157260 a multiple of 61?
False
Is 88 a factor of 44460064?
True
Does 285 divide 24037167?
False
Is 25 a factor of 94135225?
True
Is 34331520 a multiple of 30?
True
Is 305 a factor of 327665900?
False
Is 24134912 a multiple of 47?
False
Is 6 a factor of 343231566?
True
Is 23262288 a multiple of 627?
False
Is 755672543 a multiple of 283?
True
Does 613 divide 10590257?
False
Does 161 divide 41879642?
True
Does 701 divide 1809747699?
False
Is 553 a factor of 141979985?
True
Does 38 divide 28134934?
True
Does 34 divide 46629397?
False
Is 5 a factor of 47375035?
True
Is 1463 a factor of 55327439?
False
Is 153 a factor of 201299147?
False
Is 1826888 a multiple of 56?
True
Is 53296785 a multiple of 405?
True
Does 18 divide 1405051902?
True
Is 48 a factor of 140445264?
True
Does 4 divide 30196562?
False
Is 1244911626 a multiple of 21?
True
Is 58 a factor of 80914234?
True
Is 1557608 even?
True
Is 575 a factor of 6306679244?
False
Is 27 a factor of 66507600?
False
Does 25 divide 5006480850?
True
Does 6205 divide 508767938?
False
Does 14 divide 424073202?
True
Is 1690786650 a multiple of 6915?
True
Is 576665702 a multiple of 730?
False
Is 1342073104 a multiple of 1384?
True
Does 518 divide 33916568?
True
Does 9085 divide 4002221725?
False
Is 3004383200 a multiple of 112?
True
Does 278 divide 407697459?
False
Does 15 divide 23350518?
False
Is 932187911 a multiple of 17?
True
Is 163308423 a multiple of 36?
False
Is 821788065 a multiple of 63?
True
Is 19614600 a multiple of 153?
True
Does 189 divide 20669514?
False
Is 5163 a factor of 149495785?
False
Is 389520402 a multiple of 10191?
True
Does 191 divide 601429504?
False
Does 690 divide 49770871?
False
Does 3 divide 143542983?
True
Is 23720637 a multiple of 5?
False
Does 79 divide 42442215?
False
Does 2873 divide 1324427866?
False
Is 35 a factor of 81020579?
False
Does 833 divide 11901229?
False
Is 1382 a factor of 663304720?
True
Does 1154 divide 35400762?
False
Is 939 a factor of 143152523?
False
Is 58 a factor of 23109728?
False
Is 6564800 a multiple of 57?
False
Is 682803335 even?
False
Is 56595531 a multiple of 29?
False
Is 301861811 a multiple of 826?
False
Does 228 divide 311180327?
False
Is 190096292 a multiple of 38?
True
Does 35 divide 3298126?
False
Is 169548093 a multiple of 351?
True
Is 189 a factor of 97347602?
False
Is 162 a factor of 6191368?
False
Is 1016073850 a multiple of 542?
True
Is 47 a factor of 39626170?
True
Is 27 a factor of 35786093?
False
Does 43 divide 226245833?
True
Does 1099 divide 8194